6 - ((42 - (-43 + 74)) + 6 + -7 + 17).
-21
What is the value of -48 + (-71 - (-19 + -110))?
10
What is (-2 - 15 - (-23 + (21 - 6))) + 29?
20
What is the value of 4 - (33 + (1 + 34 - 10))?
-54
What is the value of -20 - (-4 + -1 + -14 + 10) - (59 - -14)?
-84
Calculate -5 - -49 - 4 - ((10 - -14) + -12).
28
What is -17 + (-18 - (-5 + -24)) + 25?
19
18 + 29 + 52 + -61
38
What is the value of (-147 + 26 - -89) + 1 + 62?
31
Calculate (-119 - 1) + -3 + 1551 + -1553 + (1 - -4).
-120
Calculate 8 + 64 - (65 + -15 + -89).
111
What is the value of 145 + 28 + -149 + -1 + 30?
53
Calculate 30 - 78 - -6 - -26.
-16
8 - (2 - (10 - 11 - -27))
32
What is the value of -33 + 0 + (-241 - (-265 + 69))?
-78
-15 + (-11 - -10) - (85 - 119) - 31
-13
Calculate (-9 - 5 - -23 - 4 - 19) + (-6 - 0).
-20
Calculate -40 + -2 + 1 + 65 + 115 + -185.
-46
Calculate -75 + (739 - 719) + 0 + -18.
-73
What is 10 + (-30 - (-51 - -15)) + -6 + -2 - 109?
-101
45 - (-43 + 98 + -58)
48
Evaluate -20 + (47 - (-44 - -21)) + 0.
50
What is the value of 928 - 950 - (5 + -48)?
21
Calculate -94 + (71 - 3) - -20.
-6
Calculate 5 + 17 + -12 - (64 - ((1 - 2) + 7)).
-48
Evaluate (-6 - (34 - 1)) + -32 + (-9 - -34).
-46
Calculate -39 - (33 + -89) - 4.
13
Calculate -57 + 18 + -56 + 43.
-52
(14 - 0) + -4365 + 4354
3
-6 + 17 + 7 - ((19 - -14) + 20)
-35
What is -13 - ((9 + -1 + 77 - (-1 + -10)) + -3)?
-106
Calculate -21 + 45 + -16 + (-1 + 16 - (-16 - -14)).
25
What is 10 + 2 + (-15 - ((4 - -14) + -13))?
-8
Calculate 17 + -8 + (18 + -1 - 25) - -96.
97
What is the value of -7 + -5 - (24 + -2) - -133?
99
Evaluate -40 + 27 - (73 + -10 - (-5 + 5 - 10)).
-86
Evaluate (0 - -73) + -257 + 118 + 128.
62
-15 + -4 + 8 - (-99 - -76)
12
-10 - ((12 - 0) + (-16 - (31 + -34)))
-9
Calculate -19 + (48 - (2 + -23)).
50
(-73 - (-21 + 53)) + 23 - (-1 + 12)
-93
What is (58 - -28) + (58 - 233)?
-89
Evaluate (-7 - (-59 - 3)) + 45 + -67.
33
What is the value of 50 + (-13 - (-9 - (7 - 24)))?
29
What is the value of (12 + -17 - -12) + 8 - (58 - 4)?
-39
What is -10 + 1 + 1 - (5972 - 6057)?
77
Evaluate 12 + (-14 - (-4 + 1 + 10)) + -7.
-16
What is -4 - 1 - (-70 + 136 + -75)?
4
What is (-1 - -3) + -11 - 0 - (-1433 + 1384)?
40
What is (144 - (-37 - -80)) + -81?
20
28 - (-1 + 5 + -2 - 4 - (0 - 5))
25
9 + (-4 + 21 + -6 + -8 - (66 - 177))
123
Calculate (12 - (13 - (11 - 24)) - -5) + 5 - 36.
-40
What is (66 - 81) + 9 - (2 + 64)?
-72
-37 + -21 + (87 - 22)
7
Calculate 7 + -1 + (20 - -14) + -91.
-51
(-47 - (63 + -112)) + (50 - -1)
53
What is the value of (66 - (-2 + 59)) + (2 - (2 + -10))?
19
Calculate (319 - 330) + 2 + (5 - 0) - (-92 - -55).
33
(0 - 9 - -4) + 2 - (391 - 456)
62
What is the value of (-44 + -20 - 4) + 25?
-43
(-4525 - -4467) + (-2 - -6 - -13)
-41
Evaluate 178 + (-13 + -33 - 75).
57
What is the value of -47 + (-99 + 89 - -20)?
-37
What is the value of -128 + 3 - -2 - ((8 - 1) + -19 - -3)?
-114
Evaluate (1 - 0) + -10 + 1 - (173 + -158 + 29).
-52
-13 + 32 - 30 - (-2 + -18)
9
Evaluate 5 + (10 - (1 + (16 - 5))) + -30.
-27
Calculate (1 - 4) + 11 + (-139 + 113 - (-62 + 0)).
44
Calculate -149 + 7 + 44 - -25.
-73
Calculate (11 - 10) + (0 - -78) + (-17 - -30 - 11).
81
-10 + (-6 + (1 - 7) + (-31 - -44) - -7)
-2
What is -10 - (-13 + -16 + 15 + 10)?
-6
What is the value of ((-2 - (6 - 8)) + 6 - -4) + (27 - -2)?
39
(-64 - -114) + (-42 - -13) - 28
-7
Evaluate -144 - -111 - (-10 + 16).
-39
Calculate -89164 - -89156 - (-7 - 1 - (-1 - -2)).
1
Evaluate -2 + (-10 - -47) + (17 - -4).
56
Evaluate 414 + -327 + 1 + -48.
40
(-10 - 2) + 17 - 4 - (-55 + 10)
46
-91 + (-833 + 848 - (-1 + 0 - -18))
-93
What is 157 + 68 + 32 + -116?
141
What is 11 + -67 + 38 + -52 - -15?
-55
What is the value of -3106 + 3065 + (3 + -1 - (-1 - -7))?
-45
-105 - (-150 - (35 - 109))
-29
What is the value of (-116 - -195 - (-1 - 8)) + (-15 - 0)?
73
-4 + 5 + (-159 - -132)
-26
What is the value of -7 + 5 - 2 - (-12 + (42 - (1 - 3)))?
-36
What is the value of (2 - 38) + (12 - 0) + -1 + -9?
-34
Evaluate -44 + 1 + 75 - (2 + 11).
19
What is 41 + -818 + 815 + -1 + 15?
52
(26 - (24 - 12 - 31)) + -17
28
What is the value of 35 - -12 - (57 + -13)?
3
Calculate -11 - -89 - -18 - 65.
31
What is -2 + 44 - (-3 + 11 + (-12 - -3))?
43
-2802 - -2779 - (-2 - 51)
30
What is (7 - 13 - 17) + 3 + 1 + -4?
-23
What is 0 + (-19 - -20) - 2 - -28?
27
Evaluate -70 - (-9 + -31) - (-79 + -1).
50
-113 + (80 + -38 - (21 - -3))
-95
What is the value of 10 - (22 - -66) - (-29 - (-2 - 4))?
-55
What is the value of 66 - (111 + (43 - 101))?
13
Calculate 350 + -622 + 408 - (0 - 19).
155
What is the value of 24 + (144 - 140 - (1 - (-2 + 12)))?
37
What is -5 - (-41 + 40 + (11 - 29))?
14
What is 12 + (9 - (-16 - -13)) + 8 + -125 + -7?
-100
-100 + -15 + 57 + -24 - (-7 - 0)
-75
What is the value of -39 + (17 - -7) + (21 - 3)?
3
What is (-728 + 743 - (17 - -1 - 2)) + 0 + -40?
-41
(-4 - -1 - -2) + -18 - (30 - (-15 + 40))
-24
Evaluate 8 + -1 + 24 - (-3 + (16 - 8)).
26
What is (2 + -1 - -24) + (4986 - 5040)?
-29
63 + (-22 - (24 + (-67 - -21)))
63
Calculate (25 - 28 - (-1 - 3)) + (-4 + 18 - -4).
19
10 + -9 + 217 + -248
-30
38 + 1 - 20 - 24 - -3
-2
What is the value of 2036 - 1984 - (-6 - 38)?
96
What is the value of 13 + 0 + 124 + (-55 - 105)?
-23
Calculate -7 + (4 - -1) - (-146 - -152) - (4 - -65).
-77
-7 + 1 + -1 + 382 + -57 + -341
-23
Calculate 5 + 0 + 8 + (2 - 6) + (-26 - 51).
-68
(1 - 7) + (-80 - -9) + (7 - -2) + -7
-75
Evaluate -8 - (0 + 16 + (-51 - -17) - (-10 - -2)).
2
What is 7 + -2 + (-2 - -23) + (-19 - (28 + -45))?
24
What is the value of -21 + 45 + (-3 - (-9 + 16 + -6))?
20
What is the value of -40 - 1 - (5608 - 5667)?
18
13 - -14 - -29 - 10
46
What is 62 + -64 + 21 + -2 - 49?
-32
What is 294 + (-451 - -276) - (11 + 1)?
107
8 + (-2 + 3 - -2 - (-324 + 311))
24
Evaluate 0 + -5 - (-14 + 12 + -66 + 20).
43
Evaluate -16 + (223 - 119) - -4.
92
What is the value of -2 + 55 - ((39 - 36 - 13) + 7)?
56
-28 + (-184 - -163) + 5 + 2 + -1 + 0
-43
Evaluate 1 + (157 - 170 - (0 - 6)) + 69.
63
(-180 - -199 - (22 - -1)) + -1 + 48
43
-2 + 1 + (-36 + -1 - -39 - (8 + 1))
-8
Evaluate (-6 - (-7 - 4) - 1) + -59 + (-14 - -14).
-55
What is the value of 17 + (12 - 10) + -9 - 42?
-32
What is the value of -33 - (-110 + 59) - 19?
-1
What is 33 + (84 - (-68 + 136))?
49
Calculate -51 + (-14 - -105) + 93 + -14.
119
-2 + 107 - (2882 + -2818)
41
What is -36 + ((22 - 4) + -25 - (7 + -28))?
-22
Calculate 17 - (-8 + 1 + 48 + -7).
-17
8 - ((-27 - -59) + 25 - (-2 + 19))
-32
92 + -76 - (37 + -1) - 17
-37
What is the value of 6 - (9 - ((8 - -1) + 6) - (1 + -35))?
-22
What is -1 - 4 - (26 - (29 + -16 + -3) - -41)?
-62
Evaluate -49 - 0 - (-56 + 48 + 5).
-46
What is 95 - (31 + -117 + 141)?
40
Calculate (2 - 1 - -70) + (-230 - -110) + 125.
76
What is the value of (-320 - -271) + -10 + (-5 - 1) + 6?
-59
What is 18 + 136 + -171 + -3 + -9?
-29
Evaluate 37 + (98 - 72) - (1 - (12 + (0 - 3))).
71
Evaluate (7 - (7 + -1)) + (11 + -22 - -3 - -38).
31
Evaluate (-1 - 0 - (-6 - -1)) + 15 + 17 + 29.
65
What is 26 + (62 - (31 - (-17 - -9)))?
49
Calculate (11 - (9 - 5) - 8 - -4) + 0 + -9.
-6
Evaluate (8 - -1) + 1 + (-9 + 17 - (18 - 14)).
14
Evaluate 81 + -32 + -68 + 57.
38
11569 + -11570 - (2 + (-2 - (0 - 4)))
-5
(-19 - -167 - 43) + -48
57
What is the value of (42 + -27 - 32) + (0 - -6) + 11 + 1?
1
Evaluate 1 + -3 - 1 - (178 + -145).
-36
What is the value of -1 - -11 - (-13 + (23 - -4))?
-4
-3 + -1 + -45 + 28 - 48
-69
-39 + (-1 - (41 + -47) - (-1 + 0))
-33
Evaluate (-7 - -59) + (-10 - 0) + (3 - 9) + 7.
43
64 - (-18 - 2 - -5 - -31)
48
Calculate (-1 - 1 - (1 + 37)) + (64 - -21) + -88.
-43
Calculate -162 - (-69 + (4 - -62 - 39)).
-120
-22 - ((-1 - -36 - 40) + 20)
-37
What is (51 - 68) + (-4 - -14) - -29?
22
-85 - (-259 - (37 + -144))
67
Evaluate (-25 + 6 - (-53 + -4)) + -32.
6
What is -8 - (-8 - 90 - -129)?
-39
What is the value of (-48 - -54 - 7 - (-28 - 0)) + -5 + -1?
21
Calculate 1 + 1 - (-101 + 93) - 22.
-12
Evaluate -10 - (3 + -6) - -2 - (14 + -33 - -70).
-56
What is the value of -29 + 53 - (-75 - -159)?
-60
Calculate 10 + -2 - (-81 + 94 - (-62 - -1)).
-66
What is -8 + 10 + -7 + (-6 - (-13 + 9)) + -33?
-40
Calculate 30 - (15 - (71 + -176)).
-90
(1 - 0) + 0 + -63 + 179 + -108 + -54
-45
126 - -1 - (-2820 + 2916)
31
Calculate -16 - -76 - (-21 + 37).
44
Calculate 81 - (0 + -27 - -